{"id":24,"date":"2024-01-13T13:19:13","date_gmt":"2024-01-13T16:19:13","guid":{"rendered":"http:\/\/veloxtvgroup.com\/?page_id=24"},"modified":"2024-02-02T11:04:06","modified_gmt":"2024-02-02T14:04:06","slug":"veiculos-de-comunicacao","status":"publish","type":"page","link":"https:\/\/veloxtvgroup.com\/index.php\/veiculos-de-comunicacao\/","title":{"rendered":"Ve\u00edculos de Comunica\u00e7\u00e3o"},"content":{"rendered":"<p style=\"text-align: justify;\">Os\u00a0<strong>Meios de Comunica\u00e7\u00e3o<\/strong>\u00a0representam os ve\u00edculos ou instrumentos utilizados para difundir a informa\u00e7\u00e3o entre os homens. S\u00e3o exemplos: o r\u00e1dio, a televis\u00e3o, o telefone, o jornal, a revista, a internet, o cinema, dentre outros.<\/p>\n<p>&nbsp;<\/p>\n<p style=\"text-align: justify;\">A partir do desenvolvimento da ci\u00eancia e das novas tecnologias, os meios de comunica\u00e7\u00e3o t\u00eam avan\u00e7ado significativamente, proporcionando a difus\u00e3o dos conhecimentos e da comunica\u00e7\u00e3o no mundo.<\/p>\n<p>&nbsp;<\/p>\n<p style=\"text-align: justify;\">O &#8220;canal de comunica\u00e7\u00e3o&#8221; designa o local, ou o meio pelo qual a mensagem ser\u00e1 enviada para o receptor. Assim, os meios de comunica\u00e7\u00e3o se aproximam do \u201ccanal\u201d, na medida em que eles representam o ve\u00edculo entre o emissor e o receptor. A linguagem pode ser escrita, sonora, audiovisual como, por exemplo, o jornal, revista (comunica\u00e7\u00e3o escrita), r\u00e1dio e televis\u00e3o (comunica\u00e7\u00e3o audiovisual), etc.<\/p>\n<p>&nbsp;<\/p>\n<h2>Nossos Ve\u00edculos de Comunica\u00e7\u00e3o<\/h2>\n<p>&nbsp;<\/p>\n<h3>Portal Veloxtv<\/h3>\n<p>&nbsp;<\/p>\n<p style=\"text-align: justify;\">\u00c9 um ve\u00edculo de comunica\u00e7\u00e3o voltado ao mundo a motor, efetuamos o trabalho como m\u00eddia especializada; estando presente em todos os eventos no pa\u00eds; desde feiras at\u00e9 competi\u00e7\u00f5es nacionais e internacionais, passando por lan\u00e7amento de modelos, testes e comparativos. Diariamente publicamos em torno de 10 mat\u00e9rias exclusivas e aos finais de semana transmitimos competi\u00e7\u00f5es nacionais e internacionais sem custos para nossos internautas.<\/p>\n<style>\/*! elementor - v3.18.0 - 20-12-2023 *\/<br \/>.elementor-widget-image{text-align:center}.elementor-widget-image a{display:inline-block}.elementor-widget-image a img[src$=\".svg\"]{width:48px}.elementor-widget-image img{vertical-align:middle;display:inline-block}<\/style>\n<p><a href=\"https:\/\/veloxtv.com.br\/\"><br \/>\n<img fetchpriority=\"high\" decoding=\"async\" src=\"http:\/\/veloxtvgroup.com\/wp-content\/uploads\/2024\/01\/site-veloxtv24-1024x548.png\" sizes=\"(max-width: 1024px) 100vw, 1024px\" srcset=\"http:\/\/veloxtvgroup.com\/wp-content\/uploads\/2024\/01\/site-veloxtv24-1024x548.png 1024w, http:\/\/veloxtvgroup.com\/wp-content\/uploads\/2024\/01\/site-veloxtv24-300x161.png 300w, http:\/\/veloxtvgroup.com\/wp-content\/uploads\/2024\/01\/site-veloxtv24-768x411.png 768w, http:\/\/veloxtvgroup.com\/wp-content\/uploads\/2024\/01\/site-veloxtv24.png 1201w\" alt=\"\" width=\"1024\" height=\"548\" \/><\/a><\/p>\n<p>&nbsp;<\/p>\n<h3>Portal Requinte &amp; Sofistica\u00e7\u00e3o<\/h3>\n<p>&nbsp;<\/p>\n<p style=\"text-align: justify;\">A Requinte &amp; Sofistica\u00e7\u00e3o \u00e9 um ve\u00edculo de comunica\u00e7\u00e3o voltado ao p\u00fablico premium dos segmentos; automotivo, avia\u00e7\u00e3o, gastron\u00f4mico, n\u00e1utico, j\u00f3ias e rel\u00f3gios, vestu\u00e1rio, viagens e turismo; onde efetuamos o trabalho como m\u00eddia especializada; estando presente em todos os eventos dentro e fora do pa\u00eds.<\/p>\n<p>&nbsp;<\/p>\n<p style=\"text-align: justify;\">Possu\u00edmos\u00a0gerenciamento de conte\u00fado para m\u00eddias; empresa especializada na organiza\u00e7\u00e3o de eventos tanto corporativos quanto esportivos e nas transmiss\u00f5es de eventos corporativos ao vivo.<\/p>\n<p>&nbsp;<\/p>\n<p style=\"text-align: justify;\">A Requinte &amp; Sofistica\u00e7\u00e3o \u00e9 mais uma nova plataforma de m\u00eddia, com o apoio total do <em><strong>Veloxtv Group.<\/strong><\/em><\/p>\n<h3><a href=\"https:\/\/requintesofisticacao.com.br\/\"><br \/>\n<img decoding=\"async\" src=\"http:\/\/veloxtvgroup.com\/wp-content\/uploads\/2024\/01\/requinte-sofisticacao24.png\" sizes=\"(max-width: 991px) 100vw, 991px\" srcset=\"http:\/\/veloxtvgroup.com\/wp-content\/uploads\/2024\/01\/requinte-sofisticacao24.png 991w, http:\/\/veloxtvgroup.com\/wp-content\/uploads\/2024\/01\/requinte-sofisticacao24-300x180.png 300w, http:\/\/veloxtvgroup.com\/wp-content\/uploads\/2024\/01\/requinte-sofisticacao24-768x460.png 768w\" alt=\"\" width=\"991\" height=\"593\" \/><\/a><\/h3>\n<p>&nbsp;<\/p>\n<p>&nbsp;<\/p>\n<h3>Revista Veloxtv Magazine<\/h3>\n<p>&nbsp;<\/p>\n<p style=\"text-align: justify;\">O <strong>Veloxtv Group<\/strong> criou uma revista para um p\u00fablico exclusivo, com alt\u00edssimo poder aquisitivo chamada \u00a0&#8220;<em><strong>Revista Veloxtv Magazine&#8221;,<\/strong><\/em> que preocupa-se em destacar as empresas que trabalham com os melhores produtos e servi\u00e7os do mercado, no intuito de atender aos leitores mais exigentes. As informa\u00e7\u00f5es s\u00e3o pautadas por <strong>Fernando Judice<\/strong>, idealizador deste projeto. O objetivo \u00e9 retratar, com maestria, assuntos de interesse da sociedade, de forma leve e agrad\u00e1vel, junto com seu corpo brilhante de colunistas:<\/p>\n<p>&nbsp;<\/p>\n<p style=\"text-align: justify;\">Aqui, o leitor ter\u00e1 informa\u00e7\u00f5es sobre lan\u00e7amentos de alt\u00edssima qualidade, al\u00e9m de acompanhar o que acontece no mercado de luxo, gastronomia, moda, beleza, design &amp; arquitetura, lifestyle, turismo &amp; lazer, ve\u00edculos de luxo e lan\u00e7amentos.<\/p>\n<p>&nbsp;<\/p>\n<p><img decoding=\"async\" class=\"alignnone wp-image-266 size-full\" src=\"https:\/\/veloxtvgroup.com\/wp-content\/uploads\/2024\/02\/veloxtv-magazine.png\" alt=\"\" width=\"450\" height=\"649\" srcset=\"https:\/\/veloxtvgroup.com\/wp-content\/uploads\/2024\/02\/veloxtv-magazine.png 450w, https:\/\/veloxtvgroup.com\/wp-content\/uploads\/2024\/02\/veloxtv-magazine-208x300.png 208w\" sizes=\"(max-width: 450px) 100vw, 450px\" \/><\/p>\n","protected":false},"excerpt":{"rendered":"<p>Os\u00a0Meios de Comunica\u00e7\u00e3o\u00a0representam os ve\u00edculos ou instrumentos utilizados para difundir a informa\u00e7\u00e3o entre os homens. S\u00e3o exemplos: o r\u00e1dio, a televis\u00e3o, o telefone, o jornal, a revista, a internet, o cinema, dentre outros. &nbsp; A partir do desenvolvimento da ci\u00eancia e das novas tecnologias, os meios de comunica\u00e7\u00e3o t\u00eam avan\u00e7ado significativamente, proporcionando a difus\u00e3o dos [&hellip;]<\/p>\n","protected":false},"author":1,"featured_media":0,"parent":0,"menu_order":0,"comment_status":"closed","ping_status":"closed","template":"","meta":{"om_disable_all_campaigns":false,"_uf_show_specific_survey":0,"_uf_disable_surveys":false,"footnotes":""},"class_list":["post-24","page","type-page","status-publish","hentry"],"aioseo_notices":[],"_links":{"self":[{"href":"https:\/\/veloxtvgroup.com\/index.php\/wp-json\/wp\/v2\/pages\/24","targetHints":{"allow":["GET"]}}],"collection":[{"href":"https:\/\/veloxtvgroup.com\/index.php\/wp-json\/wp\/v2\/pages"}],"about":[{"href":"https:\/\/veloxtvgroup.com\/index.php\/wp-json\/wp\/v2\/types\/page"}],"author":[{"embeddable":true,"href":"https:\/\/veloxtvgroup.com\/index.php\/wp-json\/wp\/v2\/users\/1"}],"replies":[{"embeddable":true,"href":"https:\/\/veloxtvgroup.com\/index.php\/wp-json\/wp\/v2\/comments?post=24"}],"version-history":[{"count":48,"href":"https:\/\/veloxtvgroup.com\/index.php\/wp-json\/wp\/v2\/pages\/24\/revisions"}],"predecessor-version":[{"id":270,"href":"https:\/\/veloxtvgroup.com\/index.php\/wp-json\/wp\/v2\/pages\/24\/revisions\/270"}],"wp:attachment":[{"href":"https:\/\/veloxtvgroup.com\/index.php\/wp-json\/wp\/v2\/media?parent=24"}],"curies":[{"name":"wp","href":"https:\/\/api.w.org\/{rel}","templated":true}]}}