{"id":22,"date":"2024-01-13T13:18:58","date_gmt":"2024-01-13T16:18:58","guid":{"rendered":"http:\/\/veloxtvgroup.com\/?page_id=22"},"modified":"2026-03-17T14:39:15","modified_gmt":"2026-03-17T17:39:15","slug":"quem-somos","status":"publish","type":"page","link":"https:\/\/veloxtvgroup.com\/index.php\/quem-somos\/","title":{"rendered":"Quem Somos"},"content":{"rendered":"<p style=\"text-align: justify;\">Uma empresa que tem a sua origem no <strong>Setor Automotivo,<\/strong> ligado a diversas competi\u00e7\u00f5es e fabricantes de ve\u00edculos (carros &#8211; motos &#8211; caminh\u00f5es) com a hist\u00f3ria de 28 anos de tradi\u00e7\u00e3o.<\/p>\n<p>&nbsp;<\/p>\n<p style=\"text-align: justify;\">Durante este per\u00edodo tivemos participa\u00e7\u00f5es em eventos de diversas \u00e1reas; tais como; &#8220;<strong>LABACE<\/strong>&#8220;, &#8220;<strong>S\u00c3O PAULO BOAT SHOW<\/strong>&#8220;, &#8220;<strong>DUTY FREE &#8211; LOJA DIOR &#8211; GRU AIRPORT<\/strong>&#8220;, &#8220;<strong>AGRISHOW<\/strong>&#8220;, &#8220;<strong>SEMANA DE VELA DE ILHABELA<\/strong>&#8220;, &#8220;<strong>WTM<\/strong> (World Travel Market Latin Am\u00e9rica)&#8221;, &#8220;<strong>PRO WINE &#8211; SP<\/strong>&#8220;, &#8220;<strong>24 HORAS DE LE MANS<\/strong>&#8220;, &#8220;<strong>500 MILHAS DE INDIAN\u00c1POLIS<\/strong>&#8220;, &#8220;S<strong>AL\u00c3O DO AUTOM\u00d3VEL DE GENEBRA<\/strong>&#8220;, &#8220;<strong>SAL\u00c3O DUAS RODAS<\/strong>&#8220;, &#8220;<strong>FENATRAN<\/strong>&#8220;, &#8220;<strong>ABF FRANCHISING<\/strong>&#8220;, &#8220;<strong>SAL\u00c3O INTERNACIONAL DO AUTOM\u00d3VEL DE S\u00c3O PAULO<\/strong>&#8220;,\u00a0 <strong>&#8220;GP BRASIL DE F\u00d3RMULA 1<\/strong>&#8220;, dentre outros.<\/p>\n<p>&nbsp;<\/p>\n<p style=\"text-align: justify;\">O <strong><em>Veloxtv Group<\/em><\/strong> tem vinculada uma ag\u00eancia de <strong>Marketing &amp; Publicidade<\/strong>, tanto para as cria\u00e7\u00f5es &#8220;<strong>on line<\/strong>&#8221; como para as &#8220;<strong>off line<\/strong>&#8220;, tamb\u00e9m oferecendo uma assessoria de imprensa. Um de nossos bra\u00e7os e nossas expertises est\u00e3o relacionadas onde oferecemos &#8220;<strong>Consultoria Empresarial<\/strong>&#8220;.<\/p>\n<p>&nbsp;<\/p>\n<p>Al\u00e9m disso, tamb\u00e9m atuamos nos segmentos de &#8220;<strong>Eventos<\/strong>&#8221; e &#8220;<strong>Consultoria Imobili\u00e1ria<\/strong>&#8220;.<\/p>\n<p>&nbsp;<\/p>\n<h3><strong>Miss\u00e3o<\/strong><\/h3>\n<p style=\"text-align: justify;\">Aproximar pessoas e empresas de v\u00e1rios segmentos, proporcionando a divulga\u00e7\u00e3o das marcas, os crescimento das mesmas perante ao mercado interno e externo, e com isso viabilizar a expans\u00e3o de relacionamentos comerciais.<\/p>\n<p>&nbsp;<\/p>\n<h3>Valores<\/h3>\n<p style=\"text-align: justify;\">As pr\u00e1ticas de relacionamento de todo o <strong>Grupo Veloxtv<\/strong> junto a seus parceiros e clientes, e entre estes, s\u00e3o pautadas nos princ\u00edpios da <strong>&#8220;\u00e9tica&#8221;,\u00a0<\/strong>conferindo assim seguran\u00e7a e confian\u00e7a entre todos os envolvidos.<\/p>\n<p>&nbsp;<\/p>\n<h3>Vis\u00e3o<\/h3>\n<p style=\"text-align: justify;\">Com a experi\u00eancia adquirida ao longo desses 28 anos com pessoas e empresas de v\u00e1rios segmentos, nacional e internacional, auxiliando (colaborando) com o crescimento de todos, resolvemos ampliar nosso espectro de atua\u00e7\u00e3o.<\/p>\n<p>Em raz\u00e3o disso, estamos expandindo nossa atua\u00e7\u00e3o para compartilhar nosso conhecimento junto a nossos parceiros e clientes.<\/p>\n<p style=\"text-align: justify;\">Temos a certeza que a participa\u00e7\u00e3o conjunta, de todos junto \u00e0 <strong>Veloxtv, <\/strong>estaremos agregando excelentes resultados.<\/p>\n<p>&nbsp;<\/p>\n<h3><strong>Institucional<\/strong><\/h3>\n<p style=\"text-align: justify;\">A proposta do <strong>Veloxtv Group<\/strong> objetiva aumentar a visibilidade dos eventos em que participa e com isso tamb\u00e9m proporcionar um alcance maior de relacionamento para suas empresas parceiras, patrocinadoras e colaboradoras.<\/p>\n<p>&nbsp;<\/p>\n<h3>Nossa Equipe<\/h3>\n<p>&nbsp;<\/p>\n<h3><strong>Diretoria<\/strong><\/h3>\n<ul>\n<li>Fernando Judice<\/li>\n<li>Jos\u00e9 Waldenez Garcia J\u00fanior<\/li>\n<li>Wayner Correa (USA)<\/li>\n<\/ul>\n<p>&nbsp;<\/p>\n<h3>Equipe Comercial<\/h3>\n<p>&nbsp;<\/p>\n<ul>\n<li>La\u00e9rcio Teixeira da Silva<\/li>\n<li>Eder Magrini<\/li>\n<li>Claudio Lu\u00eds Soares<\/li>\n<li>M\u00e1rcia Marquezini<\/li>\n<li>Let\u00edcia Martins<\/li>\n<li>Lucy Affonso Cardeal<\/li>\n<li>Fernando Tavares<\/li>\n<li>Ricardo Rinaldi<\/li>\n<li>Guilherme Henrique Mota Seixas<\/li>\n<\/ul>\n<p>&nbsp;<\/p>\n<h3><strong>Equipe de Rela\u00e7\u00f5es P\u00fablicas Internacionais<\/strong><\/h3>\n<ul>\n<li>Ronaldo Arrighi<\/li>\n<li>Jarbas \u00c1vila<\/li>\n<li>Luciano Luiz<\/li>\n<\/ul>\n<h3><\/h3>\n<h3>Equipe Administrativa<\/h3>\n<ul>\n<li>Francilene Gon\u00e7alves<\/li>\n<li>Matheus Oliveira de Carvalho<\/li>\n<li>Michel Holak<\/li>\n<li>Guilherme Henrique Mota Seixas<\/li>\n<\/ul>\n<h3><\/h3>\n<h3><strong>Fotografia &amp; Filmagens<\/strong><\/h3>\n<ul>\n<li>Ant\u00f4nio Carlos Simomoto<\/li>\n<li>Carlos Eduardo Ferreira<\/li>\n<\/ul>\n<p>&nbsp;<\/p>\n<p>&nbsp;<\/p>\n<h4><strong>NOSSOS ENDERE\u00c7OS COMERCIAIS<\/strong><\/h4>\n<p><strong>Escrit\u00f3rio Brasil\u00a0<\/strong><br \/>\nRua Avenida Paulista, 807 &#8211; 17\u00ba Andar \u2013 S\u00e3o Paulo<\/p>\n<p>&nbsp;<\/p>\n<p><strong>Escrit\u00f3rio USA<\/strong><br \/>\n2804 NW 30th Ave. -Lauderdale Lakes, FL, 33311<\/p>\n","protected":false},"excerpt":{"rendered":"<p>Uma empresa que tem a sua origem no Setor Automotivo, ligado a diversas competi\u00e7\u00f5es e fabricantes de ve\u00edculos (carros &#8211; motos &#8211; caminh\u00f5es) com a hist\u00f3ria de 28 anos de tradi\u00e7\u00e3o. &nbsp; Durante este per\u00edodo tivemos participa\u00e7\u00f5es em eventos de diversas \u00e1reas; tais como; &#8220;LABACE&#8220;, &#8220;S\u00c3O PAULO BOAT SHOW&#8220;, &#8220;DUTY FREE &#8211; LOJA DIOR &#8211; [&hellip;]<\/p>\n","protected":false},"author":1,"featured_media":0,"parent":0,"menu_order":0,"comment_status":"closed","ping_status":"closed","template":"","meta":{"om_disable_all_campaigns":false,"_uf_show_specific_survey":0,"_uf_disable_surveys":false,"footnotes":""},"class_list":["post-22","page","type-page","status-publish","hentry"],"aioseo_notices":[],"_links":{"self":[{"href":"https:\/\/veloxtvgroup.com\/index.php\/wp-json\/wp\/v2\/pages\/22","targetHints":{"allow":["GET"]}}],"collection":[{"href":"https:\/\/veloxtvgroup.com\/index.php\/wp-json\/wp\/v2\/pages"}],"about":[{"href":"https:\/\/veloxtvgroup.com\/index.php\/wp-json\/wp\/v2\/types\/page"}],"author":[{"embeddable":true,"href":"https:\/\/veloxtvgroup.com\/index.php\/wp-json\/wp\/v2\/users\/1"}],"replies":[{"embeddable":true,"href":"https:\/\/veloxtvgroup.com\/index.php\/wp-json\/wp\/v2\/comments?post=22"}],"version-history":[{"count":22,"href":"https:\/\/veloxtvgroup.com\/index.php\/wp-json\/wp\/v2\/pages\/22\/revisions"}],"predecessor-version":[{"id":349,"href":"https:\/\/veloxtvgroup.com\/index.php\/wp-json\/wp\/v2\/pages\/22\/revisions\/349"}],"wp:attachment":[{"href":"https:\/\/veloxtvgroup.com\/index.php\/wp-json\/wp\/v2\/media?parent=22"}],"curies":[{"name":"wp","href":"https:\/\/api.w.org\/{rel}","templated":true}]}}