{"id":193,"date":"2024-01-17T17:56:40","date_gmt":"2024-01-17T20:56:40","guid":{"rendered":"http:\/\/veloxtvgroup.com\/?page_id=193"},"modified":"2024-01-17T17:58:38","modified_gmt":"2024-01-17T20:58:38","slug":"setor-imobiliario","status":"publish","type":"page","link":"https:\/\/veloxtvgroup.com\/index.php\/setor-imobiliario\/","title":{"rendered":"Setor Imobili\u00e1rio"},"content":{"rendered":"<p style=\"text-align: justify;\">O\u00a0<strong>Veloxtv Group<\/strong>\u00a0tem no seu quadro de parceiros e colaboradores , profissionais devidamente credenciados pelo\u00a0<strong>CRECISP (CONSELHO REGIONAL DE CORRETORES DE IM\u00d3VEIS DE S\u00c3O PAULO)<\/strong>.<\/p>\n<p style=\"text-align: justify;\">\n<p style=\"text-align: justify;\">Possu\u00edmos corretores de im\u00f3veis com conhecimento jur\u00eddico e tamb\u00e9m credenciados para que efetuem a respectiva avalia\u00e7\u00e3o de im\u00f3veis.<\/p>\n<p style=\"text-align: justify;\">\n<p style=\"text-align: justify;\">Em nosso portf\u00f3lio contamos com im\u00f3veis comerciais e residenciais, com capacidade de atendermos clientes dos diversos padr\u00f5es:<\/p>\n<ol>\n<li style=\"text-align: justify;\">Popular (Minha Casa Minha Vida).<\/li>\n<li style=\"text-align: justify;\">Im\u00f3veis de 70 a 150m\u00b2 (M\u00e9dio Padr\u00e3o)<\/li>\n<li style=\"text-align: justify;\">Im\u00f3veis de 150 a 300m\u00b2 (Alto Padr\u00e3o)<\/li>\n<li style=\"text-align: justify;\">Im\u00f3veis acima de 300m\u00b2 (Luxo \u2013 Alt\u00edssimo Padr\u00e3o)<\/li>\n<li style=\"text-align: justify;\">Galp\u00f5es<\/li>\n<li style=\"text-align: justify;\">Terrenos Urbanos<\/li>\n<li style=\"text-align: justify;\">Terrenos Rurais<\/li>\n<\/ol>\n","protected":false},"excerpt":{"rendered":"<p>O\u00a0Veloxtv Group\u00a0tem no seu quadro de parceiros e colaboradores , profissionais devidamente credenciados pelo\u00a0CRECISP (CONSELHO REGIONAL DE CORRETORES DE IM\u00d3VEIS DE S\u00c3O PAULO). Possu\u00edmos corretores de im\u00f3veis com conhecimento jur\u00eddico e tamb\u00e9m credenciados para que efetuem a respectiva avalia\u00e7\u00e3o de im\u00f3veis. Em nosso portf\u00f3lio contamos com im\u00f3veis comerciais e residenciais, com capacidade de atendermos clientes [&hellip;]<\/p>\n","protected":false},"author":1,"featured_media":0,"parent":0,"menu_order":0,"comment_status":"closed","ping_status":"closed","template":"","meta":{"om_disable_all_campaigns":false,"_uf_show_specific_survey":0,"_uf_disable_surveys":false,"footnotes":""},"class_list":["post-193","page","type-page","status-publish","hentry"],"aioseo_notices":[],"_links":{"self":[{"href":"https:\/\/veloxtvgroup.com\/index.php\/wp-json\/wp\/v2\/pages\/193","targetHints":{"allow":["GET"]}}],"collection":[{"href":"https:\/\/veloxtvgroup.com\/index.php\/wp-json\/wp\/v2\/pages"}],"about":[{"href":"https:\/\/veloxtvgroup.com\/index.php\/wp-json\/wp\/v2\/types\/page"}],"author":[{"embeddable":true,"href":"https:\/\/veloxtvgroup.com\/index.php\/wp-json\/wp\/v2\/users\/1"}],"replies":[{"embeddable":true,"href":"https:\/\/veloxtvgroup.com\/index.php\/wp-json\/wp\/v2\/comments?post=193"}],"version-history":[{"count":2,"href":"https:\/\/veloxtvgroup.com\/index.php\/wp-json\/wp\/v2\/pages\/193\/revisions"}],"predecessor-version":[{"id":196,"href":"https:\/\/veloxtvgroup.com\/index.php\/wp-json\/wp\/v2\/pages\/193\/revisions\/196"}],"wp:attachment":[{"href":"https:\/\/veloxtvgroup.com\/index.php\/wp-json\/wp\/v2\/media?parent=193"}],"curies":[{"name":"wp","href":"https:\/\/api.w.org\/{rel}","templated":true}]}}